{"id":10276,"date":"2025-07-02T09:46:29","date_gmt":"2025-07-02T07:46:29","guid":{"rendered":"https:\/\/www.fetenfeten.net\/event\/torrelodones-socios-del-compas\/"},"modified":"2025-09-16T11:34:21","modified_gmt":"2025-09-16T09:34:21","slug":"torrelodones-socios-del-compas","status":"publish","type":"tribe_events","link":"https:\/\/www.fetenfeten.net\/en\/event\/torrelodones-socios-del-compas\/","title":{"rendered":"Torrelodones. Socios del Comp\u00e1s"},"content":{"rendered":"<div class=\"event-body\">\n<div class=\"event-body\">\n<div class=\"event-body\">\n<div class=\"event-body\">\n<p>Concierto de los Socios del Comp\u00e1s. Teatro Bulevar 19:30. Torrelodones.<\/p>\n<p><a href=\"https:\/\/es.patronbase.com\/_Torrelodones\/Sections\/Choose?prod_id=0427&amp;perf_id=1\">VENTA DE ENTRADAS:<\/a><\/p>\n<p>Presencial en horario de taquilla: jueves y viernes de 12 h a 14 h \u00a0y de 18:30 h a 20:30h, as\u00ed como 1 hora antes del concierto.<br \/>\n<a href=\"https:\/\/es.patronbase.com\/_Torrelodones\/Sections\/Choose?prod_id=0427&amp;perf_id=1\">ON-LINE<\/a><\/p>\n<p>Los Socios del Comp\u00e1s son Fet\u00e9n Fet\u00e9n y los hermanos Garc\u00eda. Jorge Arribas (acorde\u00f3n e inventos musicales), Diego Galaz (viol\u00edn y aperos mel\u00f3dicos), David el Indio de Vetusta Morla (pandero cuadrado y utensilios r\u00edtmicos) y El Guille (caj\u00f3n flamenco).<\/p>\n<p>Los Socios del Comp\u00e1s son cuatro afluentes que desembocan en un mismo r\u00edo caudaloso donde la m\u00fasica tradicional espa\u00f1ola, el flamenco y el rock se mezclan para dar cabida a este proyecto musical.<\/p>\n<p>Cuatro amigos, cuatro hermanos musicales que se unen para ofrecer por primera vez un crisol de m\u00fasicas y aromas en un espect\u00e1culo variopinto en el que confluye una misma ra\u00edz.<\/p>\n<\/div>\n<\/div>\n<\/div>\n<\/div>\n","protected":false},"excerpt":{"rendered":"<p>Concierto de los Socios del Comp\u00e1s. Teatro Bulevar 19:30. Torrelodones. VENTA DE ENTRADAS: Presencial en horario de taquilla: jueves y viernes de 12 h a 14 h \u00a0y de 18:30 &#8230;<\/p>\n","protected":false},"author":1,"featured_media":10044,"template":"","meta":{"_tribe_events_status":"","_tribe_events_status_reason":"","footnotes":""},"tags":[],"tribe_events_cat":[96],"class_list":["post-10276","tribe_events","type-tribe_events","status-publish","has-post-thumbnail","hentry","tribe_events_cat-feten-feten-concerts-upcoming-dates","cat_feten-feten-concerts-upcoming-dates"],"yoast_head":"<!-- This site is optimized with the Yoast SEO plugin v25.4 - https:\/\/yoast.com\/wordpress\/plugins\/seo\/ -->\n<title>Torrelodones. Socios del Comp\u00e1s - Fet\u00e9n Fet\u00e9n<\/title>\n<meta name=\"robots\" content=\"index, follow, max-snippet:-1, max-image-preview:large, max-video-preview:-1\" \/>\n<link rel=\"canonical\" href=\"https:\/\/www.fetenfeten.net\/en\/event\/torrelodones-socios-del-compas\/\" \/>\n<meta property=\"og:locale\" content=\"en_US\" \/>\n<meta property=\"og:type\" content=\"article\" \/>\n<meta property=\"og:title\" content=\"Torrelodones. Socios del Comp\u00e1s - Fet\u00e9n Fet\u00e9n\" \/>\n<meta property=\"og:description\" content=\"Concierto de los Socios del Comp\u00e1s. Teatro Bulevar 19:30. Torrelodones. VENTA DE ENTRADAS: Presencial en horario de taquilla: jueves y viernes de 12 h a 14 h \u00a0y de 18:30 ...\" \/>\n<meta property=\"og:url\" content=\"https:\/\/www.fetenfeten.net\/en\/event\/torrelodones-socios-del-compas\/\" \/>\n<meta property=\"og:site_name\" content=\"Fet\u00e9n Fet\u00e9n\" \/>\n<meta property=\"article:publisher\" content=\"https:\/\/www.facebook.com\/duofeten\/\" \/>\n<meta property=\"article:modified_time\" content=\"2025-09-16T09:34:21+00:00\" \/>\n<meta property=\"og:image\" content=\"https:\/\/www.fetenfeten.net\/wp-content\/uploads\/2025\/06\/nodisponible.png\" \/>\n\t<meta property=\"og:image:width\" content=\"500\" \/>\n\t<meta property=\"og:image:height\" content=\"500\" \/>\n\t<meta property=\"og:image:type\" content=\"image\/png\" \/>\n<meta name=\"twitter:card\" content=\"summary_large_image\" \/>\n<meta name=\"twitter:label1\" content=\"Est. reading time\" \/>\n\t<meta name=\"twitter:data1\" content=\"1 minute\" \/>\n<script type=\"application\/ld+json\" class=\"yoast-schema-graph\">{\"@context\":\"https:\/\/schema.org\",\"@graph\":[{\"@type\":\"WebPage\",\"@id\":\"https:\/\/www.fetenfeten.net\/en\/event\/torrelodones-socios-del-compas\/\",\"url\":\"https:\/\/www.fetenfeten.net\/en\/event\/torrelodones-socios-del-compas\/\",\"name\":\"Torrelodones. Socios del Comp\u00e1s - Fet\u00e9n Fet\u00e9n\",\"isPartOf\":{\"@id\":\"https:\/\/www.fetenfeten.net\/en\/#website\"},\"primaryImageOfPage\":{\"@id\":\"https:\/\/www.fetenfeten.net\/en\/event\/torrelodones-socios-del-compas\/#primaryimage\"},\"image\":{\"@id\":\"https:\/\/www.fetenfeten.net\/en\/event\/torrelodones-socios-del-compas\/#primaryimage\"},\"thumbnailUrl\":\"https:\/\/www.fetenfeten.net\/wp-content\/uploads\/2025\/06\/nodisponible.png\",\"datePublished\":\"2025-07-02T07:46:29+00:00\",\"dateModified\":\"2025-09-16T09:34:21+00:00\",\"breadcrumb\":{\"@id\":\"https:\/\/www.fetenfeten.net\/en\/event\/torrelodones-socios-del-compas\/#breadcrumb\"},\"inLanguage\":\"en-US\",\"potentialAction\":[{\"@type\":\"ReadAction\",\"target\":[\"https:\/\/www.fetenfeten.net\/en\/event\/torrelodones-socios-del-compas\/\"]}]},{\"@type\":\"ImageObject\",\"inLanguage\":\"en-US\",\"@id\":\"https:\/\/www.fetenfeten.net\/en\/event\/torrelodones-socios-del-compas\/#primaryimage\",\"url\":\"https:\/\/www.fetenfeten.net\/wp-content\/uploads\/2025\/06\/nodisponible.png\",\"contentUrl\":\"https:\/\/www.fetenfeten.net\/wp-content\/uploads\/2025\/06\/nodisponible.png\",\"width\":500,\"height\":500},{\"@type\":\"BreadcrumbList\",\"@id\":\"https:\/\/www.fetenfeten.net\/en\/event\/torrelodones-socios-del-compas\/#breadcrumb\",\"itemListElement\":[{\"@type\":\"ListItem\",\"position\":1,\"name\":\"Portada\",\"item\":\"https:\/\/www.fetenfeten.net\/en\/\"},{\"@type\":\"ListItem\",\"position\":2,\"name\":\"Events\",\"item\":\"https:\/\/www.fetenfeten.net\/en\/events\/\"},{\"@type\":\"ListItem\",\"position\":3,\"name\":\"Torrelodones. Socios del Comp\u00e1s\"}]},{\"@type\":\"WebSite\",\"@id\":\"https:\/\/www.fetenfeten.net\/en\/#website\",\"url\":\"https:\/\/www.fetenfeten.net\/en\/\",\"name\":\"Fet\u00e9n Fet\u00e9n\",\"description\":\"\",\"publisher\":{\"@id\":\"https:\/\/www.fetenfeten.net\/en\/#organization\"},\"potentialAction\":[{\"@type\":\"SearchAction\",\"target\":{\"@type\":\"EntryPoint\",\"urlTemplate\":\"https:\/\/www.fetenfeten.net\/en\/?s={search_term_string}\"},\"query-input\":{\"@type\":\"PropertyValueSpecification\",\"valueRequired\":true,\"valueName\":\"search_term_string\"}}],\"inLanguage\":\"en-US\"},{\"@type\":\"Organization\",\"@id\":\"https:\/\/www.fetenfeten.net\/en\/#organization\",\"name\":\"Fet\u00e9n Fet\u00e9n\",\"url\":\"https:\/\/www.fetenfeten.net\/en\/\",\"logo\":{\"@type\":\"ImageObject\",\"inLanguage\":\"en-US\",\"@id\":\"https:\/\/www.fetenfeten.net\/en\/#\/schema\/logo\/image\/\",\"url\":\"https:\/\/www.fetenfeten.net\/wp-content\/uploads\/2025\/06\/nodisponible.png\",\"contentUrl\":\"https:\/\/www.fetenfeten.net\/wp-content\/uploads\/2025\/06\/nodisponible.png\",\"width\":500,\"height\":500,\"caption\":\"Fet\u00e9n Fet\u00e9n\"},\"image\":{\"@id\":\"https:\/\/www.fetenfeten.net\/en\/#\/schema\/logo\/image\/\"},\"sameAs\":[\"https:\/\/www.facebook.com\/duofeten\/\",\"https:\/\/www.instagram.com\/duofeten\/\"]}]}<\/script>\n<!-- \/ Yoast SEO plugin. -->","yoast_head_json":{"title":"Torrelodones. Socios del Comp\u00e1s - Fet\u00e9n Fet\u00e9n","robots":{"index":"index","follow":"follow","max-snippet":"max-snippet:-1","max-image-preview":"max-image-preview:large","max-video-preview":"max-video-preview:-1"},"canonical":"https:\/\/www.fetenfeten.net\/en\/event\/torrelodones-socios-del-compas\/","og_locale":"en_US","og_type":"article","og_title":"Torrelodones. Socios del Comp\u00e1s - Fet\u00e9n Fet\u00e9n","og_description":"Concierto de los Socios del Comp\u00e1s. Teatro Bulevar 19:30. Torrelodones. VENTA DE ENTRADAS: Presencial en horario de taquilla: jueves y viernes de 12 h a 14 h \u00a0y de 18:30 ...","og_url":"https:\/\/www.fetenfeten.net\/en\/event\/torrelodones-socios-del-compas\/","og_site_name":"Fet\u00e9n Fet\u00e9n","article_publisher":"https:\/\/www.facebook.com\/duofeten\/","article_modified_time":"2025-09-16T09:34:21+00:00","og_image":[{"width":500,"height":500,"url":"https:\/\/www.fetenfeten.net\/wp-content\/uploads\/2025\/06\/nodisponible.png","type":"image\/png"}],"twitter_card":"summary_large_image","twitter_misc":{"Est. reading time":"1 minute"},"schema":{"@context":"https:\/\/schema.org","@graph":[{"@type":"WebPage","@id":"https:\/\/www.fetenfeten.net\/en\/event\/torrelodones-socios-del-compas\/","url":"https:\/\/www.fetenfeten.net\/en\/event\/torrelodones-socios-del-compas\/","name":"Torrelodones. Socios del Comp\u00e1s - Fet\u00e9n Fet\u00e9n","isPartOf":{"@id":"https:\/\/www.fetenfeten.net\/en\/#website"},"primaryImageOfPage":{"@id":"https:\/\/www.fetenfeten.net\/en\/event\/torrelodones-socios-del-compas\/#primaryimage"},"image":{"@id":"https:\/\/www.fetenfeten.net\/en\/event\/torrelodones-socios-del-compas\/#primaryimage"},"thumbnailUrl":"https:\/\/www.fetenfeten.net\/wp-content\/uploads\/2025\/06\/nodisponible.png","datePublished":"2025-07-02T07:46:29+00:00","dateModified":"2025-09-16T09:34:21+00:00","breadcrumb":{"@id":"https:\/\/www.fetenfeten.net\/en\/event\/torrelodones-socios-del-compas\/#breadcrumb"},"inLanguage":"en-US","potentialAction":[{"@type":"ReadAction","target":["https:\/\/www.fetenfeten.net\/en\/event\/torrelodones-socios-del-compas\/"]}]},{"@type":"ImageObject","inLanguage":"en-US","@id":"https:\/\/www.fetenfeten.net\/en\/event\/torrelodones-socios-del-compas\/#primaryimage","url":"https:\/\/www.fetenfeten.net\/wp-content\/uploads\/2025\/06\/nodisponible.png","contentUrl":"https:\/\/www.fetenfeten.net\/wp-content\/uploads\/2025\/06\/nodisponible.png","width":500,"height":500},{"@type":"BreadcrumbList","@id":"https:\/\/www.fetenfeten.net\/en\/event\/torrelodones-socios-del-compas\/#breadcrumb","itemListElement":[{"@type":"ListItem","position":1,"name":"Portada","item":"https:\/\/www.fetenfeten.net\/en\/"},{"@type":"ListItem","position":2,"name":"Events","item":"https:\/\/www.fetenfeten.net\/en\/events\/"},{"@type":"ListItem","position":3,"name":"Torrelodones. Socios del Comp\u00e1s"}]},{"@type":"WebSite","@id":"https:\/\/www.fetenfeten.net\/en\/#website","url":"https:\/\/www.fetenfeten.net\/en\/","name":"Fet\u00e9n Fet\u00e9n","description":"","publisher":{"@id":"https:\/\/www.fetenfeten.net\/en\/#organization"},"potentialAction":[{"@type":"SearchAction","target":{"@type":"EntryPoint","urlTemplate":"https:\/\/www.fetenfeten.net\/en\/?s={search_term_string}"},"query-input":{"@type":"PropertyValueSpecification","valueRequired":true,"valueName":"search_term_string"}}],"inLanguage":"en-US"},{"@type":"Organization","@id":"https:\/\/www.fetenfeten.net\/en\/#organization","name":"Fet\u00e9n Fet\u00e9n","url":"https:\/\/www.fetenfeten.net\/en\/","logo":{"@type":"ImageObject","inLanguage":"en-US","@id":"https:\/\/www.fetenfeten.net\/en\/#\/schema\/logo\/image\/","url":"https:\/\/www.fetenfeten.net\/wp-content\/uploads\/2025\/06\/nodisponible.png","contentUrl":"https:\/\/www.fetenfeten.net\/wp-content\/uploads\/2025\/06\/nodisponible.png","width":500,"height":500,"caption":"Fet\u00e9n Fet\u00e9n"},"image":{"@id":"https:\/\/www.fetenfeten.net\/en\/#\/schema\/logo\/image\/"},"sameAs":["https:\/\/www.facebook.com\/duofeten\/","https:\/\/www.instagram.com\/duofeten\/"]}]}},"_links":{"self":[{"href":"https:\/\/www.fetenfeten.net\/en\/wp-json\/wp\/v2\/tribe_events\/10276","targetHints":{"allow":["GET"]}}],"collection":[{"href":"https:\/\/www.fetenfeten.net\/en\/wp-json\/wp\/v2\/tribe_events"}],"about":[{"href":"https:\/\/www.fetenfeten.net\/en\/wp-json\/wp\/v2\/types\/tribe_events"}],"author":[{"embeddable":true,"href":"https:\/\/www.fetenfeten.net\/en\/wp-json\/wp\/v2\/users\/1"}],"version-history":[{"count":1,"href":"https:\/\/www.fetenfeten.net\/en\/wp-json\/wp\/v2\/tribe_events\/10276\/revisions"}],"predecessor-version":[{"id":10277,"href":"https:\/\/www.fetenfeten.net\/en\/wp-json\/wp\/v2\/tribe_events\/10276\/revisions\/10277"}],"wp:featuredmedia":[{"embeddable":true,"href":"https:\/\/www.fetenfeten.net\/en\/wp-json\/wp\/v2\/media\/10044"}],"wp:attachment":[{"href":"https:\/\/www.fetenfeten.net\/en\/wp-json\/wp\/v2\/media?parent=10276"}],"wp:term":[{"taxonomy":"post_tag","embeddable":true,"href":"https:\/\/www.fetenfeten.net\/en\/wp-json\/wp\/v2\/tags?post=10276"},{"taxonomy":"tribe_events_cat","embeddable":true,"href":"https:\/\/www.fetenfeten.net\/en\/wp-json\/wp\/v2\/tribe_events_cat?post=10276"}],"curies":[{"name":"wp","href":"https:\/\/api.w.org\/{rel}","templated":true}]}}

Torrelodones. Socios del Compás

<div class="event-body">
<div class="event-body">
<div class="event-body">
<div class="event-body">
<p>Concierto de los Socios del Compás. Teatro Bulevar 19:30. Torrelodones.</p>
<p><a href="https://es.patronbase.com/_Torrelodones/Sections/Choose?prod_id=0427&amp;perf_id=1">VENTA DE ENTRADAS:</a></p>
<p>Presencial en horario de taquilla: jueves y viernes de 12 h a 14 h  y de 18:30 h a 20:30h, así como 1 hora antes del concierto.<br />
<a href="https://es.patronbase.com/_Torrelodones/Sections/Choose?prod_id=0427&amp;perf_id=1">ON-LINE</a></p>
<p>Los Socios del Compás son Fetén Fetén y los hermanos García. Jorge Arribas (acordeón e inventos musicales), Diego Galaz (violín y aperos melódicos), David el Indio de Vetusta Morla (pandero cuadrado y utensilios rítmicos) y El Guille (cajón flamenco).</p>
<p>Los Socios del Compás son cuatro afluentes que desembocan en un mismo río caudaloso donde la música tradicional española, el flamenco y el rock se mezclan para dar cabida a este proyecto musical.</p>
<p>Cuatro amigos, cuatro hermanos musicales que se unen para ofrecer por primera vez un crisol de músicas y aromas en un espectáculo variopinto en el que confluye una misma raíz.</p>
</div>
</div>
</div>
</div>

<p>Concierto de los Socios del Compás. Teatro Bulevar 19:30. Torrelodones. VENTA DE ENTRADAS: Presencial en horario de taquilla: jueves y viernes de 12 h a 14 h  y de 18:30 &#8230;</p>

<!-- This site is optimized with the Yoast SEO plugin v25.4 - https://yoast.com/wordpress/plugins/seo/ -->
<title>Torrelodones. Socios del Compás - Fetén Fetén</title>
<meta name="robots" content="index, follow, max-snippet:-1, max-image-preview:large, max-video-preview:-1" />
<link rel="canonical" href="https://www.fetenfeten.net/en/event/torrelodones-socios-del-compas/" />
<meta property="og:locale" content="en_US" />
<meta property="og:type" content="article" />
<meta property="og:title" content="Torrelodones. Socios del Compás - Fetén Fetén" />
<meta property="og:description" content="Concierto de los Socios del Compás. Teatro Bulevar 19:30. Torrelodones. VENTA DE ENTRADAS: Presencial en horario de taquilla: jueves y viernes de 12 h a 14 h  y de 18:30 ..." />
<meta property="og:url" content="https://www.fetenfeten.net/en/event/torrelodones-socios-del-compas/" />
<meta property="og:site_name" content="Fetén Fetén" />
<meta property="article:publisher" content="https://www.facebook.com/duofeten/" />
<meta property="article:modified_time" content="2025-09-16T09:34:21+00:00" />
<meta property="og:image" content="https://www.fetenfeten.net/wp-content/uploads/2025/06/nodisponible.png" />
	<meta property="og:image:width" content="500" />
	<meta property="og:image:height" content="500" />
	<meta property="og:image:type" content="image/png" />
<meta name="twitter:card" content="summary_large_image" />
<meta name="twitter:label1" content="Est. reading time" />
	<meta name="twitter:data1" content="1 minute" />
<script type="application/ld+json" class="yoast-schema-graph">{"@context":"https://schema.org","@graph":[{"@type":"WebPage","@id":"https://www.fetenfeten.net/en/event/torrelodones-socios-del-compas/","url":"https://www.fetenfeten.net/en/event/torrelodones-socios-del-compas/","name":"Torrelodones. Socios del Compás - Fetén Fetén","isPartOf":{"@id":"https://www.fetenfeten.net/en/#website"},"primaryImageOfPage":{"@id":"https://www.fetenfeten.net/en/event/torrelodones-socios-del-compas/#primaryimage"},"image":{"@id":"https://www.fetenfeten.net/en/event/torrelodones-socios-del-compas/#primaryimage"},"thumbnailUrl":"https://www.fetenfeten.net/wp-content/uploads/2025/06/nodisponible.png","datePublished":"2025-07-02T07:46:29+00:00","dateModified":"2025-09-16T09:34:21+00:00","breadcrumb":{"@id":"https://www.fetenfeten.net/en/event/torrelodones-socios-del-compas/#breadcrumb"},"inLanguage":"en-US","potentialAction":[{"@type":"ReadAction","target":["https://www.fetenfeten.net/en/event/torrelodones-socios-del-compas/"]}]},{"@type":"ImageObject","inLanguage":"en-US","@id":"https://www.fetenfeten.net/en/event/torrelodones-socios-del-compas/#primaryimage","url":"https://www.fetenfeten.net/wp-content/uploads/2025/06/nodisponible.png","contentUrl":"https://www.fetenfeten.net/wp-content/uploads/2025/06/nodisponible.png","width":500,"height":500},{"@type":"BreadcrumbList","@id":"https://www.fetenfeten.net/en/event/torrelodones-socios-del-compas/#breadcrumb","itemListElement":[{"@type":"ListItem","position":1,"name":"Portada","item":"https://www.fetenfeten.net/en/"},{"@type":"ListItem","position":2,"name":"Events","item":"https://www.fetenfeten.net/en/events/"},{"@type":"ListItem","position":3,"name":"Torrelodones. Socios del Compás"}]},{"@type":"WebSite","@id":"https://www.fetenfeten.net/en/#website","url":"https://www.fetenfeten.net/en/","name":"Fetén Fetén","description":"","publisher":{"@id":"https://www.fetenfeten.net/en/#organization"},"potentialAction":[{"@type":"SearchAction","target":{"@type":"EntryPoint","urlTemplate":"https://www.fetenfeten.net/en/?s={search_term_string}"},"query-input":{"@type":"PropertyValueSpecification","valueRequired":true,"valueName":"search_term_string"}}],"inLanguage":"en-US"},{"@type":"Organization","@id":"https://www.fetenfeten.net/en/#organization","name":"Fetén Fetén","url":"https://www.fetenfeten.net/en/","logo":{"@type":"ImageObject","inLanguage":"en-US","@id":"https://www.fetenfeten.net/en/#/schema/logo/image/","url":"https://www.fetenfeten.net/wp-content/uploads/2025/06/nodisponible.png","contentUrl":"https://www.fetenfeten.net/wp-content/uploads/2025/06/nodisponible.png","width":500,"height":500,"caption":"Fetén Fetén"},"image":{"@id":"https://www.fetenfeten.net/en/#/schema/logo/image/"},"sameAs":["https://www.facebook.com/duofeten/","https://www.instagram.com/duofeten/"]}]}</script>
<!-- / Yoast SEO plugin. -->

Torrelodones. Socios del Compás - Fetén Fetén

Concierto de los Socios del Compás. Teatro Bulevar 19:30. Torrelodones. VENTA DE ENTRADAS: Presencial en horario de taquilla: jueves y viernes de 12 h a 14 h  y de 18:30 ...

Fetén Fetén
