{"id":10304,"date":"2025-07-02T09:10:34","date_gmt":"2025-07-02T07:10:34","guid":{"rendered":"https:\/\/www.fetenfeten.net\/event\/peal-de-becerro\/"},"modified":"2025-09-16T11:39:59","modified_gmt":"2025-09-16T09:39:59","slug":"peal-de-becerro","status":"publish","type":"tribe_events","link":"https:\/\/www.fetenfeten.net\/en\/event\/peal-de-becerro\/","title":{"rendered":"Peal de Becerro"},"content":{"rendered":"<div class=\"card-text\">\n<p>C\u00e1mara Sepulcral de Toya<\/p>\n<p>21:00h<\/p>\n<p>Entrada 6\u20ac<\/p>\n<p>Se habilitar\u00e1 un servicio de guarder\u00eda para ni\u00f1@s escolarizados, avisando previamente con 24 horas de antelaci\u00f3n al 658 795 206.<\/p>\n<\/div>\n","protected":false},"excerpt":{"rendered":"<p>C\u00e1mara Sepulcral de Toya 21:00h Entrada 6\u20ac Se habilitar\u00e1 un servicio de guarder\u00eda para ni\u00f1@s escolarizados, avisando previamente con 24 horas de antelaci\u00f3n al 658 795 206.<\/p>\n","protected":false},"author":1,"featured_media":10044,"template":"","meta":{"_tribe_events_status":"","_tribe_events_status_reason":"","footnotes":""},"tags":[],"tribe_events_cat":[96],"class_list":["post-10304","tribe_events","type-tribe_events","status-publish","has-post-thumbnail","hentry","tribe_events_cat-feten-feten-concerts-upcoming-dates","cat_feten-feten-concerts-upcoming-dates"],"yoast_head":"<!-- This site is optimized with the Yoast SEO plugin v25.4 - https:\/\/yoast.com\/wordpress\/plugins\/seo\/ -->\n<title>Peal de Becerro - Fet\u00e9n Fet\u00e9n<\/title>\n<meta name=\"robots\" content=\"index, follow, max-snippet:-1, max-image-preview:large, max-video-preview:-1\" \/>\n<link rel=\"canonical\" href=\"https:\/\/www.fetenfeten.net\/en\/event\/peal-de-becerro\/\" \/>\n<meta property=\"og:locale\" content=\"en_US\" \/>\n<meta property=\"og:type\" content=\"article\" \/>\n<meta property=\"og:title\" content=\"Peal de Becerro - Fet\u00e9n Fet\u00e9n\" \/>\n<meta property=\"og:description\" content=\"C\u00e1mara Sepulcral de Toya 21:00h Entrada 6\u20ac Se habilitar\u00e1 un servicio de guarder\u00eda para ni\u00f1@s escolarizados, avisando previamente con 24 horas de antelaci\u00f3n al 658 795 206.\" \/>\n<meta property=\"og:url\" content=\"https:\/\/www.fetenfeten.net\/en\/event\/peal-de-becerro\/\" \/>\n<meta property=\"og:site_name\" content=\"Fet\u00e9n Fet\u00e9n\" \/>\n<meta property=\"article:publisher\" content=\"https:\/\/www.facebook.com\/duofeten\/\" \/>\n<meta property=\"article:modified_time\" content=\"2025-09-16T09:39:59+00:00\" \/>\n<meta property=\"og:image\" content=\"https:\/\/www.fetenfeten.net\/wp-content\/uploads\/2025\/06\/nodisponible.png\" \/>\n\t<meta property=\"og:image:width\" content=\"500\" \/>\n\t<meta property=\"og:image:height\" content=\"500\" \/>\n\t<meta property=\"og:image:type\" content=\"image\/png\" \/>\n<meta name=\"twitter:card\" content=\"summary_large_image\" \/>\n<script type=\"application\/ld+json\" class=\"yoast-schema-graph\">{\"@context\":\"https:\/\/schema.org\",\"@graph\":[{\"@type\":\"WebPage\",\"@id\":\"https:\/\/www.fetenfeten.net\/en\/event\/peal-de-becerro\/\",\"url\":\"https:\/\/www.fetenfeten.net\/en\/event\/peal-de-becerro\/\",\"name\":\"Peal de Becerro - Fet\u00e9n Fet\u00e9n\",\"isPartOf\":{\"@id\":\"https:\/\/www.fetenfeten.net\/en\/#website\"},\"primaryImageOfPage\":{\"@id\":\"https:\/\/www.fetenfeten.net\/en\/event\/peal-de-becerro\/#primaryimage\"},\"image\":{\"@id\":\"https:\/\/www.fetenfeten.net\/en\/event\/peal-de-becerro\/#primaryimage\"},\"thumbnailUrl\":\"https:\/\/www.fetenfeten.net\/wp-content\/uploads\/2025\/06\/nodisponible.png\",\"datePublished\":\"2025-07-02T07:10:34+00:00\",\"dateModified\":\"2025-09-16T09:39:59+00:00\",\"breadcrumb\":{\"@id\":\"https:\/\/www.fetenfeten.net\/en\/event\/peal-de-becerro\/#breadcrumb\"},\"inLanguage\":\"en-US\",\"potentialAction\":[{\"@type\":\"ReadAction\",\"target\":[\"https:\/\/www.fetenfeten.net\/en\/event\/peal-de-becerro\/\"]}]},{\"@type\":\"ImageObject\",\"inLanguage\":\"en-US\",\"@id\":\"https:\/\/www.fetenfeten.net\/en\/event\/peal-de-becerro\/#primaryimage\",\"url\":\"https:\/\/www.fetenfeten.net\/wp-content\/uploads\/2025\/06\/nodisponible.png\",\"contentUrl\":\"https:\/\/www.fetenfeten.net\/wp-content\/uploads\/2025\/06\/nodisponible.png\",\"width\":500,\"height\":500},{\"@type\":\"BreadcrumbList\",\"@id\":\"https:\/\/www.fetenfeten.net\/en\/event\/peal-de-becerro\/#breadcrumb\",\"itemListElement\":[{\"@type\":\"ListItem\",\"position\":1,\"name\":\"Portada\",\"item\":\"https:\/\/www.fetenfeten.net\/en\/\"},{\"@type\":\"ListItem\",\"position\":2,\"name\":\"Events\",\"item\":\"https:\/\/www.fetenfeten.net\/en\/events\/\"},{\"@type\":\"ListItem\",\"position\":3,\"name\":\"Peal de Becerro\"}]},{\"@type\":\"WebSite\",\"@id\":\"https:\/\/www.fetenfeten.net\/en\/#website\",\"url\":\"https:\/\/www.fetenfeten.net\/en\/\",\"name\":\"Fet\u00e9n Fet\u00e9n\",\"description\":\"\",\"publisher\":{\"@id\":\"https:\/\/www.fetenfeten.net\/en\/#organization\"},\"potentialAction\":[{\"@type\":\"SearchAction\",\"target\":{\"@type\":\"EntryPoint\",\"urlTemplate\":\"https:\/\/www.fetenfeten.net\/en\/?s={search_term_string}\"},\"query-input\":{\"@type\":\"PropertyValueSpecification\",\"valueRequired\":true,\"valueName\":\"search_term_string\"}}],\"inLanguage\":\"en-US\"},{\"@type\":\"Organization\",\"@id\":\"https:\/\/www.fetenfeten.net\/en\/#organization\",\"name\":\"Fet\u00e9n Fet\u00e9n\",\"url\":\"https:\/\/www.fetenfeten.net\/en\/\",\"logo\":{\"@type\":\"ImageObject\",\"inLanguage\":\"en-US\",\"@id\":\"https:\/\/www.fetenfeten.net\/en\/#\/schema\/logo\/image\/\",\"url\":\"https:\/\/www.fetenfeten.net\/wp-content\/uploads\/2025\/06\/nodisponible.png\",\"contentUrl\":\"https:\/\/www.fetenfeten.net\/wp-content\/uploads\/2025\/06\/nodisponible.png\",\"width\":500,\"height\":500,\"caption\":\"Fet\u00e9n Fet\u00e9n\"},\"image\":{\"@id\":\"https:\/\/www.fetenfeten.net\/en\/#\/schema\/logo\/image\/\"},\"sameAs\":[\"https:\/\/www.facebook.com\/duofeten\/\",\"https:\/\/www.instagram.com\/duofeten\/\"]}]}<\/script>\n<!-- \/ Yoast SEO plugin. -->","yoast_head_json":{"title":"Peal de Becerro - Fet\u00e9n Fet\u00e9n","robots":{"index":"index","follow":"follow","max-snippet":"max-snippet:-1","max-image-preview":"max-image-preview:large","max-video-preview":"max-video-preview:-1"},"canonical":"https:\/\/www.fetenfeten.net\/en\/event\/peal-de-becerro\/","og_locale":"en_US","og_type":"article","og_title":"Peal de Becerro - Fet\u00e9n Fet\u00e9n","og_description":"C\u00e1mara Sepulcral de Toya 21:00h Entrada 6\u20ac Se habilitar\u00e1 un servicio de guarder\u00eda para ni\u00f1@s escolarizados, avisando previamente con 24 horas de antelaci\u00f3n al 658 795 206.","og_url":"https:\/\/www.fetenfeten.net\/en\/event\/peal-de-becerro\/","og_site_name":"Fet\u00e9n Fet\u00e9n","article_publisher":"https:\/\/www.facebook.com\/duofeten\/","article_modified_time":"2025-09-16T09:39:59+00:00","og_image":[{"width":500,"height":500,"url":"https:\/\/www.fetenfeten.net\/wp-content\/uploads\/2025\/06\/nodisponible.png","type":"image\/png"}],"twitter_card":"summary_large_image","schema":{"@context":"https:\/\/schema.org","@graph":[{"@type":"WebPage","@id":"https:\/\/www.fetenfeten.net\/en\/event\/peal-de-becerro\/","url":"https:\/\/www.fetenfeten.net\/en\/event\/peal-de-becerro\/","name":"Peal de Becerro - Fet\u00e9n Fet\u00e9n","isPartOf":{"@id":"https:\/\/www.fetenfeten.net\/en\/#website"},"primaryImageOfPage":{"@id":"https:\/\/www.fetenfeten.net\/en\/event\/peal-de-becerro\/#primaryimage"},"image":{"@id":"https:\/\/www.fetenfeten.net\/en\/event\/peal-de-becerro\/#primaryimage"},"thumbnailUrl":"https:\/\/www.fetenfeten.net\/wp-content\/uploads\/2025\/06\/nodisponible.png","datePublished":"2025-07-02T07:10:34+00:00","dateModified":"2025-09-16T09:39:59+00:00","breadcrumb":{"@id":"https:\/\/www.fetenfeten.net\/en\/event\/peal-de-becerro\/#breadcrumb"},"inLanguage":"en-US","potentialAction":[{"@type":"ReadAction","target":["https:\/\/www.fetenfeten.net\/en\/event\/peal-de-becerro\/"]}]},{"@type":"ImageObject","inLanguage":"en-US","@id":"https:\/\/www.fetenfeten.net\/en\/event\/peal-de-becerro\/#primaryimage","url":"https:\/\/www.fetenfeten.net\/wp-content\/uploads\/2025\/06\/nodisponible.png","contentUrl":"https:\/\/www.fetenfeten.net\/wp-content\/uploads\/2025\/06\/nodisponible.png","width":500,"height":500},{"@type":"BreadcrumbList","@id":"https:\/\/www.fetenfeten.net\/en\/event\/peal-de-becerro\/#breadcrumb","itemListElement":[{"@type":"ListItem","position":1,"name":"Portada","item":"https:\/\/www.fetenfeten.net\/en\/"},{"@type":"ListItem","position":2,"name":"Events","item":"https:\/\/www.fetenfeten.net\/en\/events\/"},{"@type":"ListItem","position":3,"name":"Peal de Becerro"}]},{"@type":"WebSite","@id":"https:\/\/www.fetenfeten.net\/en\/#website","url":"https:\/\/www.fetenfeten.net\/en\/","name":"Fet\u00e9n Fet\u00e9n","description":"","publisher":{"@id":"https:\/\/www.fetenfeten.net\/en\/#organization"},"potentialAction":[{"@type":"SearchAction","target":{"@type":"EntryPoint","urlTemplate":"https:\/\/www.fetenfeten.net\/en\/?s={search_term_string}"},"query-input":{"@type":"PropertyValueSpecification","valueRequired":true,"valueName":"search_term_string"}}],"inLanguage":"en-US"},{"@type":"Organization","@id":"https:\/\/www.fetenfeten.net\/en\/#organization","name":"Fet\u00e9n Fet\u00e9n","url":"https:\/\/www.fetenfeten.net\/en\/","logo":{"@type":"ImageObject","inLanguage":"en-US","@id":"https:\/\/www.fetenfeten.net\/en\/#\/schema\/logo\/image\/","url":"https:\/\/www.fetenfeten.net\/wp-content\/uploads\/2025\/06\/nodisponible.png","contentUrl":"https:\/\/www.fetenfeten.net\/wp-content\/uploads\/2025\/06\/nodisponible.png","width":500,"height":500,"caption":"Fet\u00e9n Fet\u00e9n"},"image":{"@id":"https:\/\/www.fetenfeten.net\/en\/#\/schema\/logo\/image\/"},"sameAs":["https:\/\/www.facebook.com\/duofeten\/","https:\/\/www.instagram.com\/duofeten\/"]}]}},"_links":{"self":[{"href":"https:\/\/www.fetenfeten.net\/en\/wp-json\/wp\/v2\/tribe_events\/10304","targetHints":{"allow":["GET"]}}],"collection":[{"href":"https:\/\/www.fetenfeten.net\/en\/wp-json\/wp\/v2\/tribe_events"}],"about":[{"href":"https:\/\/www.fetenfeten.net\/en\/wp-json\/wp\/v2\/types\/tribe_events"}],"author":[{"embeddable":true,"href":"https:\/\/www.fetenfeten.net\/en\/wp-json\/wp\/v2\/users\/1"}],"version-history":[{"count":1,"href":"https:\/\/www.fetenfeten.net\/en\/wp-json\/wp\/v2\/tribe_events\/10304\/revisions"}],"predecessor-version":[{"id":10305,"href":"https:\/\/www.fetenfeten.net\/en\/wp-json\/wp\/v2\/tribe_events\/10304\/revisions\/10305"}],"wp:featuredmedia":[{"embeddable":true,"href":"https:\/\/www.fetenfeten.net\/en\/wp-json\/wp\/v2\/media\/10044"}],"wp:attachment":[{"href":"https:\/\/www.fetenfeten.net\/en\/wp-json\/wp\/v2\/media?parent=10304"}],"wp:term":[{"taxonomy":"post_tag","embeddable":true,"href":"https:\/\/www.fetenfeten.net\/en\/wp-json\/wp\/v2\/tags?post=10304"},{"taxonomy":"tribe_events_cat","embeddable":true,"href":"https:\/\/www.fetenfeten.net\/en\/wp-json\/wp\/v2\/tribe_events_cat?post=10304"}],"curies":[{"name":"wp","href":"https:\/\/api.w.org\/{rel}","templated":true}]}}

<div class="card-text">
<p>Cámara Sepulcral de Toya</p>
<p>21:00h</p>
<p>Entrada 6€</p>
<p>Se habilitará un servicio de guardería para niñ@s escolarizados, avisando previamente con 24 horas de antelación al 658 795 206.</p>
</div>

<p>Cámara Sepulcral de Toya 21:00h Entrada 6€ Se habilitará un servicio de guardería para niñ@s escolarizados, avisando previamente con 24 horas de antelación al 658 795 206.</p>

<!-- This site is optimized with the Yoast SEO plugin v25.4 - https://yoast.com/wordpress/plugins/seo/ -->
<title>Peal de Becerro - Fetén Fetén</title>
<meta name="robots" content="index, follow, max-snippet:-1, max-image-preview:large, max-video-preview:-1" />
<link rel="canonical" href="https://www.fetenfeten.net/en/event/peal-de-becerro/" />
<meta property="og:locale" content="en_US" />
<meta property="og:type" content="article" />
<meta property="og:title" content="Peal de Becerro - Fetén Fetén" />
<meta property="og:description" content="Cámara Sepulcral de Toya 21:00h Entrada 6€ Se habilitará un servicio de guardería para niñ@s escolarizados, avisando previamente con 24 horas de antelación al 658 795 206." />
<meta property="og:url" content="https://www.fetenfeten.net/en/event/peal-de-becerro/" />
<meta property="og:site_name" content="Fetén Fetén" />
<meta property="article:publisher" content="https://www.facebook.com/duofeten/" />
<meta property="article:modified_time" content="2025-09-16T09:39:59+00:00" />
<meta property="og:image" content="https://www.fetenfeten.net/wp-content/uploads/2025/06/nodisponible.png" />
	<meta property="og:image:width" content="500" />
	<meta property="og:image:height" content="500" />
	<meta property="og:image:type" content="image/png" />
<meta name="twitter:card" content="summary_large_image" />
<script type="application/ld+json" class="yoast-schema-graph">{"@context":"https://schema.org","@graph":[{"@type":"WebPage","@id":"https://www.fetenfeten.net/en/event/peal-de-becerro/","url":"https://www.fetenfeten.net/en/event/peal-de-becerro/","name":"Peal de Becerro - Fetén Fetén","isPartOf":{"@id":"https://www.fetenfeten.net/en/#website"},"primaryImageOfPage":{"@id":"https://www.fetenfeten.net/en/event/peal-de-becerro/#primaryimage"},"image":{"@id":"https://www.fetenfeten.net/en/event/peal-de-becerro/#primaryimage"},"thumbnailUrl":"https://www.fetenfeten.net/wp-content/uploads/2025/06/nodisponible.png","datePublished":"2025-07-02T07:10:34+00:00","dateModified":"2025-09-16T09:39:59+00:00","breadcrumb":{"@id":"https://www.fetenfeten.net/en/event/peal-de-becerro/#breadcrumb"},"inLanguage":"en-US","potentialAction":[{"@type":"ReadAction","target":["https://www.fetenfeten.net/en/event/peal-de-becerro/"]}]},{"@type":"ImageObject","inLanguage":"en-US","@id":"https://www.fetenfeten.net/en/event/peal-de-becerro/#primaryimage","url":"https://www.fetenfeten.net/wp-content/uploads/2025/06/nodisponible.png","contentUrl":"https://www.fetenfeten.net/wp-content/uploads/2025/06/nodisponible.png","width":500,"height":500},{"@type":"BreadcrumbList","@id":"https://www.fetenfeten.net/en/event/peal-de-becerro/#breadcrumb","itemListElement":[{"@type":"ListItem","position":1,"name":"Portada","item":"https://www.fetenfeten.net/en/"},{"@type":"ListItem","position":2,"name":"Events","item":"https://www.fetenfeten.net/en/events/"},{"@type":"ListItem","position":3,"name":"Peal de Becerro"}]},{"@type":"WebSite","@id":"https://www.fetenfeten.net/en/#website","url":"https://www.fetenfeten.net/en/","name":"Fetén Fetén","description":"","publisher":{"@id":"https://www.fetenfeten.net/en/#organization"},"potentialAction":[{"@type":"SearchAction","target":{"@type":"EntryPoint","urlTemplate":"https://www.fetenfeten.net/en/?s={search_term_string}"},"query-input":{"@type":"PropertyValueSpecification","valueRequired":true,"valueName":"search_term_string"}}],"inLanguage":"en-US"},{"@type":"Organization","@id":"https://www.fetenfeten.net/en/#organization","name":"Fetén Fetén","url":"https://www.fetenfeten.net/en/","logo":{"@type":"ImageObject","inLanguage":"en-US","@id":"https://www.fetenfeten.net/en/#/schema/logo/image/","url":"https://www.fetenfeten.net/wp-content/uploads/2025/06/nodisponible.png","contentUrl":"https://www.fetenfeten.net/wp-content/uploads/2025/06/nodisponible.png","width":500,"height":500,"caption":"Fetén Fetén"},"image":{"@id":"https://www.fetenfeten.net/en/#/schema/logo/image/"},"sameAs":["https://www.facebook.com/duofeten/","https://www.instagram.com/duofeten/"]}]}</script>
<!-- / Yoast SEO plugin. -->

Peal de Becerro - Fetén Fetén

Cámara Sepulcral de Toya 21:00h Entrada 6€ Se habilitará un servicio de guardería para niñ@s escolarizados, avisando previamente con 24 horas de antelación al 658 795 206.

Fetén Fetén
