{"id":10629,"date":"2025-09-11T16:11:37","date_gmt":"2025-09-11T14:11:37","guid":{"rendered":"https:\/\/www.fetenfeten.net\/event\/tribu-festival-feten-rozalen\/"},"modified":"2025-09-16T13:55:24","modified_gmt":"2025-09-16T11:55:24","slug":"tribu-festival-feten-rozalen","status":"publish","type":"tribe_events","link":"https:\/\/www.fetenfeten.net\/en\/event\/tribu-festival-feten-rozalen\/","title":{"rendered":"Tribu Festival. Fet\u00e9n &#038; Rozal\u00e9n"},"content":{"rendered":"<p>Concierto en Burgos de Fet\u00e9n Fet\u00e9n y Rozalen en el Tribu festival&#8230;.<\/p>\n<p>Plaza Mayor 18:30<\/p>\n<p>&nbsp;<\/p>\n<p>&nbsp;<\/p>\n","protected":false},"excerpt":{"rendered":"<p>Concierto en Burgos de Fet\u00e9n Fet\u00e9n y Rozalen en el Tribu festival&#8230;. Plaza Mayor 18:30 &nbsp; &nbsp;<\/p>\n","protected":false},"author":2,"featured_media":10572,"template":"","meta":{"_tribe_events_status":"","_tribe_events_status_reason":"","footnotes":""},"tags":[115,113,114,122],"tribe_events_cat":[96],"class_list":["post-10629","tribe_events","type-tribe_events","status-publish","has-post-thumbnail","hentry","tag-conciertos-en","tag-feten-en","tag-rozalen-en","tag-septiembre2025-en","tribe_events_cat-feten-feten-concerts-upcoming-dates","cat_feten-feten-concerts-upcoming-dates"],"yoast_head":"<!-- This site is optimized with the Yoast SEO plugin v25.4 - https:\/\/yoast.com\/wordpress\/plugins\/seo\/ -->\n<title>Tribu Festival. Fet\u00e9n &amp; Rozal\u00e9n - Fet\u00e9n Fet\u00e9n<\/title>\n<meta name=\"description\" content=\"Fet\u00e9n Rozalen Tribufest Burgos entrada gratuita escenario San Miguel Plaza Mayor\" \/>\n<meta name=\"robots\" content=\"index, follow, max-snippet:-1, max-image-preview:large, max-video-preview:-1\" \/>\n<link rel=\"canonical\" href=\"https:\/\/www.fetenfeten.net\/en\/event\/tribu-festival-feten-rozalen\/\" \/>\n<meta property=\"og:locale\" content=\"en_US\" \/>\n<meta property=\"og:type\" content=\"article\" \/>\n<meta property=\"og:title\" content=\"Tribu Festival. Fet\u00e9n &amp; Rozal\u00e9n - Fet\u00e9n Fet\u00e9n\" \/>\n<meta property=\"og:description\" content=\"Fet\u00e9n Rozalen Tribufest Burgos entrada gratuita escenario San Miguel Plaza Mayor\" \/>\n<meta property=\"og:url\" content=\"https:\/\/www.fetenfeten.net\/en\/event\/tribu-festival-feten-rozalen\/\" \/>\n<meta property=\"og:site_name\" content=\"Fet\u00e9n Fet\u00e9n\" \/>\n<meta property=\"article:publisher\" content=\"https:\/\/www.facebook.com\/duofeten\/\" \/>\n<meta property=\"article:modified_time\" content=\"2025-09-16T11:55:24+00:00\" \/>\n<meta property=\"og:image\" content=\"https:\/\/www.fetenfeten.net\/wp-content\/uploads\/2025\/09\/tribu.webp\" \/>\n\t<meta property=\"og:image:width\" content=\"720\" \/>\n\t<meta property=\"og:image:height\" content=\"1280\" \/>\n\t<meta property=\"og:image:type\" content=\"image\/webp\" \/>\n<meta name=\"twitter:card\" content=\"summary_large_image\" \/>\n<meta name=\"twitter:label1\" content=\"Est. reading time\" \/>\n\t<meta name=\"twitter:data1\" content=\"1 minute\" \/>\n<script type=\"application\/ld+json\" class=\"yoast-schema-graph\">{\"@context\":\"https:\/\/schema.org\",\"@graph\":[{\"@type\":\"WebPage\",\"@id\":\"https:\/\/www.fetenfeten.net\/en\/event\/tribu-festival-feten-rozalen\/\",\"url\":\"https:\/\/www.fetenfeten.net\/en\/event\/tribu-festival-feten-rozalen\/\",\"name\":\"Tribu Festival. Fet\u00e9n & Rozal\u00e9n - Fet\u00e9n Fet\u00e9n\",\"isPartOf\":{\"@id\":\"https:\/\/www.fetenfeten.net\/en\/#website\"},\"primaryImageOfPage\":{\"@id\":\"https:\/\/www.fetenfeten.net\/en\/event\/tribu-festival-feten-rozalen\/#primaryimage\"},\"image\":{\"@id\":\"https:\/\/www.fetenfeten.net\/en\/event\/tribu-festival-feten-rozalen\/#primaryimage\"},\"thumbnailUrl\":\"https:\/\/www.fetenfeten.net\/wp-content\/uploads\/2025\/09\/tribu.webp\",\"datePublished\":\"2025-09-11T14:11:37+00:00\",\"dateModified\":\"2025-09-16T11:55:24+00:00\",\"description\":\"Fet\u00e9n Rozalen Tribufest Burgos entrada gratuita escenario San Miguel Plaza Mayor\",\"breadcrumb\":{\"@id\":\"https:\/\/www.fetenfeten.net\/en\/event\/tribu-festival-feten-rozalen\/#breadcrumb\"},\"inLanguage\":\"en-US\",\"potentialAction\":[{\"@type\":\"ReadAction\",\"target\":[\"https:\/\/www.fetenfeten.net\/en\/event\/tribu-festival-feten-rozalen\/\"]}]},{\"@type\":\"ImageObject\",\"inLanguage\":\"en-US\",\"@id\":\"https:\/\/www.fetenfeten.net\/en\/event\/tribu-festival-feten-rozalen\/#primaryimage\",\"url\":\"https:\/\/www.fetenfeten.net\/wp-content\/uploads\/2025\/09\/tribu.webp\",\"contentUrl\":\"https:\/\/www.fetenfeten.net\/wp-content\/uploads\/2025\/09\/tribu.webp\",\"width\":720,\"height\":1280},{\"@type\":\"BreadcrumbList\",\"@id\":\"https:\/\/www.fetenfeten.net\/en\/event\/tribu-festival-feten-rozalen\/#breadcrumb\",\"itemListElement\":[{\"@type\":\"ListItem\",\"position\":1,\"name\":\"Portada\",\"item\":\"https:\/\/www.fetenfeten.net\/en\/\"},{\"@type\":\"ListItem\",\"position\":2,\"name\":\"Events\",\"item\":\"https:\/\/www.fetenfeten.net\/en\/events\/\"},{\"@type\":\"ListItem\",\"position\":3,\"name\":\"Tribu Festival. Fet\u00e9n &#038; Rozal\u00e9n\"}]},{\"@type\":\"WebSite\",\"@id\":\"https:\/\/www.fetenfeten.net\/en\/#website\",\"url\":\"https:\/\/www.fetenfeten.net\/en\/\",\"name\":\"Fet\u00e9n Fet\u00e9n\",\"description\":\"\",\"publisher\":{\"@id\":\"https:\/\/www.fetenfeten.net\/en\/#organization\"},\"potentialAction\":[{\"@type\":\"SearchAction\",\"target\":{\"@type\":\"EntryPoint\",\"urlTemplate\":\"https:\/\/www.fetenfeten.net\/en\/?s={search_term_string}\"},\"query-input\":{\"@type\":\"PropertyValueSpecification\",\"valueRequired\":true,\"valueName\":\"search_term_string\"}}],\"inLanguage\":\"en-US\"},{\"@type\":\"Organization\",\"@id\":\"https:\/\/www.fetenfeten.net\/en\/#organization\",\"name\":\"Fet\u00e9n Fet\u00e9n\",\"url\":\"https:\/\/www.fetenfeten.net\/en\/\",\"logo\":{\"@type\":\"ImageObject\",\"inLanguage\":\"en-US\",\"@id\":\"https:\/\/www.fetenfeten.net\/en\/#\/schema\/logo\/image\/\",\"url\":\"https:\/\/www.fetenfeten.net\/wp-content\/uploads\/2025\/06\/nodisponible.png\",\"contentUrl\":\"https:\/\/www.fetenfeten.net\/wp-content\/uploads\/2025\/06\/nodisponible.png\",\"width\":500,\"height\":500,\"caption\":\"Fet\u00e9n Fet\u00e9n\"},\"image\":{\"@id\":\"https:\/\/www.fetenfeten.net\/en\/#\/schema\/logo\/image\/\"},\"sameAs\":[\"https:\/\/www.facebook.com\/duofeten\/\",\"https:\/\/www.instagram.com\/duofeten\/\"]}]}<\/script>\n<!-- \/ Yoast SEO plugin. -->","yoast_head_json":{"title":"Tribu Festival. Fet\u00e9n & Rozal\u00e9n - Fet\u00e9n Fet\u00e9n","description":"Fet\u00e9n Rozalen Tribufest Burgos entrada gratuita escenario San Miguel Plaza Mayor","robots":{"index":"index","follow":"follow","max-snippet":"max-snippet:-1","max-image-preview":"max-image-preview:large","max-video-preview":"max-video-preview:-1"},"canonical":"https:\/\/www.fetenfeten.net\/en\/event\/tribu-festival-feten-rozalen\/","og_locale":"en_US","og_type":"article","og_title":"Tribu Festival. Fet\u00e9n & Rozal\u00e9n - Fet\u00e9n Fet\u00e9n","og_description":"Fet\u00e9n Rozalen Tribufest Burgos entrada gratuita escenario San Miguel Plaza Mayor","og_url":"https:\/\/www.fetenfeten.net\/en\/event\/tribu-festival-feten-rozalen\/","og_site_name":"Fet\u00e9n Fet\u00e9n","article_publisher":"https:\/\/www.facebook.com\/duofeten\/","article_modified_time":"2025-09-16T11:55:24+00:00","og_image":[{"width":720,"height":1280,"url":"https:\/\/www.fetenfeten.net\/wp-content\/uploads\/2025\/09\/tribu.webp","type":"image\/webp"}],"twitter_card":"summary_large_image","twitter_misc":{"Est. reading time":"1 minute"},"schema":{"@context":"https:\/\/schema.org","@graph":[{"@type":"WebPage","@id":"https:\/\/www.fetenfeten.net\/en\/event\/tribu-festival-feten-rozalen\/","url":"https:\/\/www.fetenfeten.net\/en\/event\/tribu-festival-feten-rozalen\/","name":"Tribu Festival. Fet\u00e9n & Rozal\u00e9n - Fet\u00e9n Fet\u00e9n","isPartOf":{"@id":"https:\/\/www.fetenfeten.net\/en\/#website"},"primaryImageOfPage":{"@id":"https:\/\/www.fetenfeten.net\/en\/event\/tribu-festival-feten-rozalen\/#primaryimage"},"image":{"@id":"https:\/\/www.fetenfeten.net\/en\/event\/tribu-festival-feten-rozalen\/#primaryimage"},"thumbnailUrl":"https:\/\/www.fetenfeten.net\/wp-content\/uploads\/2025\/09\/tribu.webp","datePublished":"2025-09-11T14:11:37+00:00","dateModified":"2025-09-16T11:55:24+00:00","description":"Fet\u00e9n Rozalen Tribufest Burgos entrada gratuita escenario San Miguel Plaza Mayor","breadcrumb":{"@id":"https:\/\/www.fetenfeten.net\/en\/event\/tribu-festival-feten-rozalen\/#breadcrumb"},"inLanguage":"en-US","potentialAction":[{"@type":"ReadAction","target":["https:\/\/www.fetenfeten.net\/en\/event\/tribu-festival-feten-rozalen\/"]}]},{"@type":"ImageObject","inLanguage":"en-US","@id":"https:\/\/www.fetenfeten.net\/en\/event\/tribu-festival-feten-rozalen\/#primaryimage","url":"https:\/\/www.fetenfeten.net\/wp-content\/uploads\/2025\/09\/tribu.webp","contentUrl":"https:\/\/www.fetenfeten.net\/wp-content\/uploads\/2025\/09\/tribu.webp","width":720,"height":1280},{"@type":"BreadcrumbList","@id":"https:\/\/www.fetenfeten.net\/en\/event\/tribu-festival-feten-rozalen\/#breadcrumb","itemListElement":[{"@type":"ListItem","position":1,"name":"Portada","item":"https:\/\/www.fetenfeten.net\/en\/"},{"@type":"ListItem","position":2,"name":"Events","item":"https:\/\/www.fetenfeten.net\/en\/events\/"},{"@type":"ListItem","position":3,"name":"Tribu Festival. Fet\u00e9n &#038; Rozal\u00e9n"}]},{"@type":"WebSite","@id":"https:\/\/www.fetenfeten.net\/en\/#website","url":"https:\/\/www.fetenfeten.net\/en\/","name":"Fet\u00e9n Fet\u00e9n","description":"","publisher":{"@id":"https:\/\/www.fetenfeten.net\/en\/#organization"},"potentialAction":[{"@type":"SearchAction","target":{"@type":"EntryPoint","urlTemplate":"https:\/\/www.fetenfeten.net\/en\/?s={search_term_string}"},"query-input":{"@type":"PropertyValueSpecification","valueRequired":true,"valueName":"search_term_string"}}],"inLanguage":"en-US"},{"@type":"Organization","@id":"https:\/\/www.fetenfeten.net\/en\/#organization","name":"Fet\u00e9n Fet\u00e9n","url":"https:\/\/www.fetenfeten.net\/en\/","logo":{"@type":"ImageObject","inLanguage":"en-US","@id":"https:\/\/www.fetenfeten.net\/en\/#\/schema\/logo\/image\/","url":"https:\/\/www.fetenfeten.net\/wp-content\/uploads\/2025\/06\/nodisponible.png","contentUrl":"https:\/\/www.fetenfeten.net\/wp-content\/uploads\/2025\/06\/nodisponible.png","width":500,"height":500,"caption":"Fet\u00e9n Fet\u00e9n"},"image":{"@id":"https:\/\/www.fetenfeten.net\/en\/#\/schema\/logo\/image\/"},"sameAs":["https:\/\/www.facebook.com\/duofeten\/","https:\/\/www.instagram.com\/duofeten\/"]}]}},"_links":{"self":[{"href":"https:\/\/www.fetenfeten.net\/en\/wp-json\/wp\/v2\/tribe_events\/10629","targetHints":{"allow":["GET"]}}],"collection":[{"href":"https:\/\/www.fetenfeten.net\/en\/wp-json\/wp\/v2\/tribe_events"}],"about":[{"href":"https:\/\/www.fetenfeten.net\/en\/wp-json\/wp\/v2\/types\/tribe_events"}],"author":[{"embeddable":true,"href":"https:\/\/www.fetenfeten.net\/en\/wp-json\/wp\/v2\/users\/2"}],"version-history":[{"count":2,"href":"https:\/\/www.fetenfeten.net\/en\/wp-json\/wp\/v2\/tribe_events\/10629\/revisions"}],"predecessor-version":[{"id":10695,"href":"https:\/\/www.fetenfeten.net\/en\/wp-json\/wp\/v2\/tribe_events\/10629\/revisions\/10695"}],"wp:featuredmedia":[{"embeddable":true,"href":"https:\/\/www.fetenfeten.net\/en\/wp-json\/wp\/v2\/media\/10572"}],"wp:attachment":[{"href":"https:\/\/www.fetenfeten.net\/en\/wp-json\/wp\/v2\/media?parent=10629"}],"wp:term":[{"taxonomy":"post_tag","embeddable":true,"href":"https:\/\/www.fetenfeten.net\/en\/wp-json\/wp\/v2\/tags?post=10629"},{"taxonomy":"tribe_events_cat","embeddable":true,"href":"https:\/\/www.fetenfeten.net\/en\/wp-json\/wp\/v2\/tribe_events_cat?post=10629"}],"curies":[{"name":"wp","href":"https:\/\/api.w.org\/{rel}","templated":true}]}}

Tribu Festival. Fetén &#038; Rozalén

<p>Concierto en Burgos de Fetén Fetén y Rozalen en el Tribu festival&#8230;.</p>
<p>Plaza Mayor 18:30</p>
<p>&nbsp;</p>
<p>&nbsp;</p>

<p>Concierto en Burgos de Fetén Fetén y Rozalen en el Tribu festival&#8230;. Plaza Mayor 18:30 &nbsp; &nbsp;</p>

<!-- This site is optimized with the Yoast SEO plugin v25.4 - https://yoast.com/wordpress/plugins/seo/ -->
<title>Tribu Festival. Fetén &amp; Rozalén - Fetén Fetén</title>
<meta name="description" content="Fetén Rozalen Tribufest Burgos entrada gratuita escenario San Miguel Plaza Mayor" />
<meta name="robots" content="index, follow, max-snippet:-1, max-image-preview:large, max-video-preview:-1" />
<link rel="canonical" href="https://www.fetenfeten.net/en/event/tribu-festival-feten-rozalen/" />
<meta property="og:locale" content="en_US" />
<meta property="og:type" content="article" />
<meta property="og:title" content="Tribu Festival. Fetén &amp; Rozalén - Fetén Fetén" />
<meta property="og:description" content="Fetén Rozalen Tribufest Burgos entrada gratuita escenario San Miguel Plaza Mayor" />
<meta property="og:url" content="https://www.fetenfeten.net/en/event/tribu-festival-feten-rozalen/" />
<meta property="og:site_name" content="Fetén Fetén" />
<meta property="article:publisher" content="https://www.facebook.com/duofeten/" />
<meta property="article:modified_time" content="2025-09-16T11:55:24+00:00" />
<meta property="og:image" content="https://www.fetenfeten.net/wp-content/uploads/2025/09/tribu.webp" />
	<meta property="og:image:width" content="720" />
	<meta property="og:image:height" content="1280" />
	<meta property="og:image:type" content="image/webp" />
<meta name="twitter:card" content="summary_large_image" />
<meta name="twitter:label1" content="Est. reading time" />
	<meta name="twitter:data1" content="1 minute" />
<script type="application/ld+json" class="yoast-schema-graph">{"@context":"https://schema.org","@graph":[{"@type":"WebPage","@id":"https://www.fetenfeten.net/en/event/tribu-festival-feten-rozalen/","url":"https://www.fetenfeten.net/en/event/tribu-festival-feten-rozalen/","name":"Tribu Festival. Fetén & Rozalén - Fetén Fetén","isPartOf":{"@id":"https://www.fetenfeten.net/en/#website"},"primaryImageOfPage":{"@id":"https://www.fetenfeten.net/en/event/tribu-festival-feten-rozalen/#primaryimage"},"image":{"@id":"https://www.fetenfeten.net/en/event/tribu-festival-feten-rozalen/#primaryimage"},"thumbnailUrl":"https://www.fetenfeten.net/wp-content/uploads/2025/09/tribu.webp","datePublished":"2025-09-11T14:11:37+00:00","dateModified":"2025-09-16T11:55:24+00:00","description":"Fetén Rozalen Tribufest Burgos entrada gratuita escenario San Miguel Plaza Mayor","breadcrumb":{"@id":"https://www.fetenfeten.net/en/event/tribu-festival-feten-rozalen/#breadcrumb"},"inLanguage":"en-US","potentialAction":[{"@type":"ReadAction","target":["https://www.fetenfeten.net/en/event/tribu-festival-feten-rozalen/"]}]},{"@type":"ImageObject","inLanguage":"en-US","@id":"https://www.fetenfeten.net/en/event/tribu-festival-feten-rozalen/#primaryimage","url":"https://www.fetenfeten.net/wp-content/uploads/2025/09/tribu.webp","contentUrl":"https://www.fetenfeten.net/wp-content/uploads/2025/09/tribu.webp","width":720,"height":1280},{"@type":"BreadcrumbList","@id":"https://www.fetenfeten.net/en/event/tribu-festival-feten-rozalen/#breadcrumb","itemListElement":[{"@type":"ListItem","position":1,"name":"Portada","item":"https://www.fetenfeten.net/en/"},{"@type":"ListItem","position":2,"name":"Events","item":"https://www.fetenfeten.net/en/events/"},{"@type":"ListItem","position":3,"name":"Tribu Festival. Fetén &#038; Rozalén"}]},{"@type":"WebSite","@id":"https://www.fetenfeten.net/en/#website","url":"https://www.fetenfeten.net/en/","name":"Fetén Fetén","description":"","publisher":{"@id":"https://www.fetenfeten.net/en/#organization"},"potentialAction":[{"@type":"SearchAction","target":{"@type":"EntryPoint","urlTemplate":"https://www.fetenfeten.net/en/?s={search_term_string}"},"query-input":{"@type":"PropertyValueSpecification","valueRequired":true,"valueName":"search_term_string"}}],"inLanguage":"en-US"},{"@type":"Organization","@id":"https://www.fetenfeten.net/en/#organization","name":"Fetén Fetén","url":"https://www.fetenfeten.net/en/","logo":{"@type":"ImageObject","inLanguage":"en-US","@id":"https://www.fetenfeten.net/en/#/schema/logo/image/","url":"https://www.fetenfeten.net/wp-content/uploads/2025/06/nodisponible.png","contentUrl":"https://www.fetenfeten.net/wp-content/uploads/2025/06/nodisponible.png","width":500,"height":500,"caption":"Fetén Fetén"},"image":{"@id":"https://www.fetenfeten.net/en/#/schema/logo/image/"},"sameAs":["https://www.facebook.com/duofeten/","https://www.instagram.com/duofeten/"]}]}</script>
<!-- / Yoast SEO plugin. -->

Tribu Festival. Fetén & Rozalén - Fetén Fetén

Fetén Rozalen Tribufest Burgos entrada gratuita escenario San Miguel Plaza Mayor

Fetén Fetén
